git of q(n)?
4
Let b = 41965 - 6213. What is the thousands digit of b?
5
Let h(d) = d**3 + 76*d**2 + 153*d + 1127. What is the units digit of h(-53)?
5
Let d be 83 - (6/(-2))/3. Let v = -278 - -289. Let t = d - v. What is the tens digit of t?
7
What is the units digit of (-955)/(((-24)/672)/((-2)/(-8)))?
5
Let v = 8 + 126. Let i be 5/((-40)/v)*4. Let h = i - -131. What is the units digit of h?
4
Let h be 5*2/10*-6. Suppose -4*f = -4*j - 108, -2*f = -7*f - 4*j + 126. Let s = f + h. What is the units digit of s?
0
What is the hundreds digit of -5 - 36/(-12) - (-1)/((-3)/(-39801))?
2
Suppose -9*q + 125*q - 668024 = -42*q. What is the tens digit of q?
2
Suppose 2*n = -6*n - 976. Let f = n - -125. Suppose 3030 = -f*y + 13*y. What is the hundreds digit of y?
3
Let y = -3867 - -10216. What is the thousands digit of y?
6
Suppose -75*a = 5*r - 73*a - 36624, 0 = -5*r + 3*a + 36614. Suppose -r - 2732 = -8*v. What is the thousands digit of v?
1
Let i = -63 - -45. Let m be (-2)/3 - i/27. Suppose -66 + m = -3*a. What is the units digit of a?
2
Let b(u) = u**2 + 10*u. Let q be b(-12). Suppose q*z - 27*z = 6. What is the units digit of (-664)/(-30) + z/15?
2
Suppose 114*n - 5525051 = -89*n. What is the tens digit of n?
1
Suppose 7732 = 3*n + 5*c - 35033, -n = -2*c - 14233. What is the ten thousands digit of n?
1
Let s(h) = 27*h**3 - 7*h**2 + 40*h + 18. What is the tens digit of s(8)?
1
Let o = -7055 + 13289. What is the hundreds digit of o?
2
What is the units digit of 14/(-10) + 1 + (-2935338)/(-70)?
3
Suppose 322*m = 449855 + 4032707. What is the tens digit of m?
2
Suppose -368*u + 369*u = 3752. What is the tens digit of u?
5
What is the hundreds digit of (24/(-14))/((-360)/1298640)?
1
Suppose -5*c = -5*o - 176170, c + 2*o = -223 + 35478. What is the units digit of c?
1
Let j(b) = 7*b + 13 + 18 - 38*b - 3. Let y be j(-12). Suppose -200 = -2*v + 2*k - 4*k, -4*v = -4*k - y. What is the hundreds digit of v?
1
Let j(t) = 11*t**2 - t + 32. Let s be j(-10). Suppose 3*i + 3 = -3, -4*v + 5*i = -s. What is the tens digit of v?
8
What is the thousands digit of ((-116)/261)/(6/(-27)) + 11062/2?
5
Suppose 6*y - 54 = 3*y. Suppose 8 - y = 5*w. What is the units digit of w/(-16) - (-41943)/264?
9
Let v be 13*(1 - 2) - -7. What is the hundreds digit of 52/39*9/v + 1048?
0
Let h(d) = 3*d**3 + 5*d**2 - 11*d + 8. What is the units digit of h(5)?
3
Let q = 9131 + -5760. What is the units digit of q?
1
Let g = 281 + -282. What is the units digit of (-2)/(-3) - (16702/(-21) - g)?
5
Suppose -5*c = -12 - 3. Suppose -6*q = -c*q - 12. Suppose 0*g - 3*v = -g + 6, -q*v = -g + 4. What is the units digit of g?
2
Let y(i) = -15*i - 16. Let x = 59 - 115. Let p = x - -52. What is the units digit of y(p)?
4
Let p = 1093 - 1934. Let y be p/(-2) - 1*5/10. Suppose 0 = -5*o - 0*o + y. What is the units digit of o?
4
Suppose -233706 = -2*m + 5*d, 0 - 4 = 2*d. Suppose 46*t + 21*t - m = 0. What is the tens digit of t?
4
Suppose 0 = t - 187 - 123. Suppose -4*k = -s + 4*s - 926, -s - k + t = 0. What is the tens digit of 2*(s/4 + -1)?
5
Let a(k) = -k**3 - k**2 + k + 47. Let l be -4 + 11 + 0 + -3. Suppose 4*v = -v + w - 3, -l*v + w = 3. What is the tens digit of a(v)?
4
Let x be (-2631)/(3*9/(-81)). What is the tens digit of 5 + x/9 + (0 - 3)?
7
Suppose -5*f + 3*f - 60 = 0. Let q = -323 + 387. What is the tens digit of (q/48)/((-2)/f)?
2
Suppose -28*c + 288852 = 3*c + 18749. What is the units digit of c?
3
Let p(j) = 30*j - 5. Let w be p(3). Let z = w - -112. What is the hundreds digit of z?
1
Let j = -87 - -80. Let o(c) = -3*c - 21. Let l be o(j). Suppose 3*r + l = 6, 3*r = 5*a - 1214. What is the hundreds digit of a?
2
Let q = 11710 - 9643. What is the hundreds digit of q?
0
Suppose -16*q - 40 = -12*q. Let g = 10 + q. Suppose 0 = -g*f - 5*f + 345. What is the units digit of f?
9
Let s(f) = -1201*f + 385. Let r be s(-5). Suppose 739*z = 748*z - r. What is the units digit of z?
0
Let w(z) = 8*z**2 - 8*z + 27. Let f be w(6). Suppose 4*y - 5*y = 5*x - 318, -f = -4*x - 5*y. What is the tens digit of x?
6
Suppose 5*k = 5*x - 14470, -22*x + 2*k - 2897 = -23*x. What is the tens digit of x?
9
Suppose 5*u = -291 + 376. Suppose -u*z + 23*z = 318. What is the tens digit of z?
5
Let i = -39 + 54. Let p be 27/i + -2 + 606/30. Suppose 9*a - 3*m = 4*a + p, 2*a = -m + 8. What is the units digit of a?
4
Let r(s) = 374*s + 2781. What is the hundreds digit of r(102)?
9
What is the tens digit of (-174771)/729*-9*(0 + 18)?
3
Suppose -15*x + 14*x = -440. Let l = -253 + x. What is the tens digit of l?
8
Let p(z) = -47*z + 37. Let q be p(-4). Suppose 1088 = 4*h + 4*g, 38 = h - 2*g - q. What is the tens digit of h?
6
Let l(w) = w - 9. Let q be l(-7). Let m be 3 + 2 + 4/(q/12). Let z = 15 - m. What is the units digit of z?
3
What is the units digit of (24/(-16))/(27/(-161082))?
9
Suppose -4*v = -5*h + 8*h - 2997, 0 = -5*h - 4*v + 4995. What is the hundreds digit of h?
9
Suppose 5*b - 5515 - 250 = 5*q, -1144 = -b + 4*q. Let k = 1726 - b. What is the units digit of k?
0
Suppose 431*n - 437*n = -50292. What is the hundreds digit of n?
3
Let d be (-15)/(-160)*4 + (-273)/24. Suppose -2*m + 35 = -7. Let n = m + d. What is the units digit of n?
0
Suppose -6*m = 5*i - 2739, 0 = -13*i + 11*i + 5*m + 1103. What is the hundreds digit of i?
5
Let q(s) = s**2 + 26*s - 153. What is the units digit of q(-109)?
4
What is the tens digit of 1/(-11) + (-14 - (-9000)/22)?
9
Let t(l) be the second derivative of 87*l**5/20 - l**4/6 + l**3/6 + 552*l + 2. Let n be 2/(-3)*(-3)/2. What is the tens digit of t(n)?
8
Suppose -1137 = -t + 3*z, 4*t = 2*z + 3187 + 1371. Suppose 29*j = 25*j + t. Suppose 0 = -3*u - 5*f + 281, j = 3*u + 3*f - 0*f. What is the units digit of u?
7
Let m be ((-72)/14)/(12/(-112)). Suppose -m = -2*v + 980. What is the tens digit of v?
1
Let x be ((-9)/(-4))/(-6 - (-45)/8). Let n be (2 + 4/x)*-3. What is the hundreds digit of 7/(74/210 + n/14)?
1
Suppose 3*y = -2*w + 16591, 11*w - 33181 = 7*w - 5*y. What is the hundreds digit of w?
2
Let p(k) = 99*k**2 + 12*k + 62. What is the tens digit of p(-10)?
4
Let h be 64/(-2)*-1*3. Let m(u) = u**2 - 11*u - 135. Let b be m(19). Suppose -g + h + b = 0. What is the tens digit of g?
1
Let t = -2456 + 3571. What is the thousands digit of t?
1
Let i = -595 - -625. Suppose -i*v = -35*v + 2455. What is the units digit of v?
1
Suppose -4*n + 5 = -3. What is the tens digit of (-4*n/20)/(1/(-800))?
2
Let h = -3200 - -6529. What is the units digit of h?
9
Let w(z) be the first derivative of z**4/4 - 2*z**3 + 15*z**2/2 + 16*z - 61. What is the units digit of w(6)?
6
Let x(a) = a**2 + 103*a - 17. What is the tens digit of x(26)?
3
Let v(o) = 2*o**2 + 28*o - 17. Let x be v(-15). Suppose 1392 = -x*l + 17*l. What is the tens digit of l?
4
Suppose -2*q = -q - 1. Let l(p) = 8*p**2 + 2*p - 1. Let o be l(q). Suppose 15*r = o*r + 678. What is the tens digit of r?
1
Let p(u) = 123*u - u**3 + 10*u**2 + 138*u - 17 - 251*u. Let o be p(11). What is the units digit of (3 + (-10)/2)*o/1?
6
Let x = -49498 + 87948. What is the units digit of x?
0
Suppose 12*f = -168 - 12. What is the hundreds digit of (f/20)/(1/(-608))?
4
Suppose -11203*k + 28480 = -11199*k. What is the thousands digit of k?
7
Let s(g) = -3009*g + 7350. What is the hundreds digit of s(-5)?
3
Suppose -6*d - 157 = 791. What is the hundreds digit of 3 - 7 - (d + -1)?
1
Let u(m) = -7*m**2 + 45*m - 9. Let f(x) = -x. Let d(n) = 3*f(n) - u(n). What is the hundreds digit of d(9)?
1
Suppose -p - 5*g - 482 = 276, -5*p - 3762 = -3*g. Let k = p + 1339. What is the hundreds digit of k?
5
Let t(f) = 7*f**2 - 37*f - 66. Let z(o) = -7*o**2 + 56*o - 4*o**2 + 33 + 36 + 30. Let a(x) = -8*t(x) - 5*z(x). What is the tens digit of a(17)?
1
Let k(l) = l**2 + 5*l + 6. Let z be k(-2). Suppose 4*n = -z*n + 4*q - 412, 3*n = q - 315. Let m = n + 247. What is the hundreds digit of m?
1
Let c = 68 - 66. Let i(g) = 12*g - 6*g**2 - 4 + 8*g**c - g**2. What is the tens digit of i(5)?
8
Let u(c) = 1176*c - 288. What is the thousands digit of u(9)?
0
Let a = 3903 + 120. What is the thousands digit of a?
4
Suppose -2*b - 5*w = -3755, -5*b - 1888 = -6*b + w. Suppose 11*j - 16*j + b = 5*q, -1171 = -3*j + 5*q. What is the hundreds digit of j?
3
Suppose -2*c - c + 9 = 0. Let t(y) = 3 + y**